prime factors of 39/4 + 2/n?
2, 5
Let p = 14 + -2. Suppose 3*q + 0 = p, 0 = -4*y - 3*q + 48. What are the prime factors of y?
3
Let f = 13 + -8. Suppose -f*n = -3*l + 6*l - 32, -3*n - 2*l = -20. List the prime factors of n.
2
List the prime factors of 81/(-21) + 4 + (-188)/(-7).
3
Suppose 0 = n + 3*n - 132. List the prime factors of n.
3, 11
Let z(f) = -8*f + 19. Let s(a) = -4*a + 10. Let h(g) = 11*s(g) - 6*z(g). Let o be h(8). List the prime factors of ((-54)/21)/((-6)/o).
2, 3
Suppose -3*h + 399 = -6*t + 3*t, 0 = 3*h - 4*t - 398. List the prime factors of h.
2, 67
Suppose 6 = 9*b - 7*b. Suppose 3*l = 4*d + 166, b*d + d = -4*l + 212. List the prime factors of l.
2, 3
Suppose 0 = m - 5 - 0. Let v(p) = p**3 + p**2 + p - 1. Let t(a) = 7*a**3 + a**2 + 3*a - 1. Let o(q) = -t(q) + 6*v(q). List the prime factors of o(m).
2, 5
Let j(w) = -7*w**3 + 2*w**2 - 5*w - 5. Let c(q) = 6*q**3 - q**2 + 4*q + 5. Let b(n) = 6*c(n) + 5*j(n). What are the prime factors of b(-4)?
3
Suppose -4*s + 5 = -67. Suppose s = 4*i + v, -3*i = -6*i - v + 14. Suppose 0 = 5*x - 49 + i. List the prime factors of x.
3
Let p = 26 + 16. What are the prime factors of p?
2, 3, 7
Let c be -2*-2*16/2. Suppose 0 = -2*v - n - 3*n + c, -7 = 3*v - 5*n. What are the prime factors of v?
2, 3
Let f(s) be the first derivative of -s**4/4 + s**3/3 - s**2/2 + 2*s - 2. Let h be f(0). Suppose -4*o = -h*o - 16. What are the prime factors of o?
2
Let f(v) = -4*v - 2. Let x(p) = 5*p. Let q be x(-1). Let d be f(q). List the prime factors of 3/d + (-166)/(-12).
2, 7
Suppose -5*q + 2*y = -15, 5*q - y - 1 = 14. Let m(t) = 2*t - 3. What are the prime factors of m(q)?
3
Suppose 0 = -2*o - 8, 2*o + 22 = y - 2*o. What are the prime factors of 2/(y/(-3))*-18?
2, 3
Suppose -j - 320 = -3*j. List the prime factors of j.
2, 5
Let o(i) = -2*i**2 - i + 347. What are the prime factors of o(0)?
347
Let n(k) = k**3 + 7*k**2. Let f be n(-4). Suppose a = -2*b + 15, f = 2*b - 5*a + 3. What are the prime factors of b?
2, 5
Let t(p) = p**3 - 8*p**2 + 9*p + 5. Let x be t(7). Suppose -4*f + x = d, -5*d - 4 = 2*f - 45. What are the prime factors of d?
7
Suppose -36 = 4*k - 2*j + 50, -2*k = 2*j + 40. Let a = 9 + k. What are the prime factors of (-106)/(-10) + a/(-30)?
11
Let f = -9 + 8. Let v be (-2)/6 - 16/6. Let h = f - v. What are the prime factors of h?
2
Let u(s) = -10*s + 65. What are the prime factors of u(0)?
5, 13
Let u(b) = b - 3. Suppose 0*r + 4*r + 2*o - 32 = 0, 0 = -r + 3*o + 1. Let k be u(r). Suppose k*v + 36 = 2*s, -6 = -s - v + 9. What are the prime factors of s?
2
Let f = -4 + 8. Suppose d + c = -7, 5*c = f*d + c + 4. What are the prime factors of (d/6)/(2/(-33))?
11
Let d(a) = 11*a - 2. Let i be d(6). Suppose -40 = -4*p + i. What are the prime factors of p?
2, 13
Let r(c) = 2*c + 6. Let l be r(-4). Let s = l + 15. List the prime factors of s.
13
Suppose -s = 2*s - 6. Suppose 5*n = q, 3*q - n - 24 = -s*q. What are the prime factors of q?
5
Let h(z) = z**3 - 4*z**2 + 5. Let f be h(4). Suppose -2*k - 5*c + 28 = -k, -c = f*k - 92. List the prime factors of k.
2, 3
Suppose 5*a - 1 = -6. What are the prime factors of 0 + 1 - (a - 15)?
17
Let b be ((-20)/(-6))/((-4)/(-30)). Let p be 0/(3/(9/(-3))). Suppose b = 5*y - p*y. What are the prime factors of y?
5
Let f = 5 - 5. Suppose -4*o = -f*o - 16. Suppose o*j - 5 - 7 = 0. What are the prime factors of j?
3
Suppose f - 40 = -o, 4*o = 3*o + f + 44. List the prime factors of o.
2, 3, 7
Suppose -2*o + 2 = -o - 5*k, -5*o - 5*k + 40 = 0. Suppose 5*y - 13 = o. Let d = 6 - y. List the prime factors of d.
2
Suppose 93 = -p - 2*y + 356, -3*y + 1057 = 4*p. List the prime factors of p.
5, 53
Suppose -5*r + 235 = 50. What are the prime factors of r?
37
Let y(u) = -u**3 + 7*u**2 + 8*u + 2. Let z be y(8). Suppose q - 15 = 2*g, 0*q + z*q - g - 24 = 0. What are the prime factors of q?
11
Let u(x) = -x + 5. Let i(c) = -4*c - 4. Let o be i(-8). Suppose -3*d - d = o. What are the prime factors of u(d)?
2, 3
What are the prime factors of ((-4)/(-6))/(16/456)?
19
Suppose -4*q = -3*z - 6*q - 17, -2*q - 3 = z. Let f(a) = a**3 + 6*a**2 - 8*a - 5. Let u be f(z). List the prime factors of u/10 + (-486)/(-45).
11
Let d(a) = 6 - 10*a**2 - 4*a**3 + 3*a**3 + 7. What are the prime factors of d(-10)?
13
Suppose -x + 40 + 2 = 0. What are the prime factors of x?
2, 3, 7
Suppose -62 = -2*i + 4*f, 0*f + 33 = i - f. List the prime factors of i.
5, 7
Let x be 14/6 + (-4)/(-6). Let g(r) = -r**2 + 5*r - 4. Let d be g(x). What are the prime factors of (-2 - (-6)/1)/d?
2
Suppose -3*s - 2*f + 24 = -4, s - 26 = -4*f. Let h(b) = 0*b + s*b - 4*b. List the prime factors of h(5).
2, 5
Let a(b) = -b**3 - b**2 + b - 7. Let k = 1 - 1. Let v be a(k). What are the prime factors of -1 - 1*v - -1?
7
Suppose -4*d = -0 - 48. Suppose 48 = -8*t + d*t. What are the prime factors of t?
2, 3
Let r = 4 - 0. Let l(f) = 8*f - 4. Let c be l(r). Let s = c + -13. What are the prime factors of s?
3, 5
Let k(t) = -t**2 - t + 5. Let o be k(-4). Let g = 9 + o. What are the prime factors of g?
2
Suppose 4*l + l = 470. Suppose l - 26 = 4*n. What are the prime factors of n?
17
Let d(w) = -w**2 - 1. Let t(j) = j**2 + j + 6. Let k(h) = -6*d(h) - t(h). Let o be k(-1). Let g(q) = q + 1. List the prime factors of g(o).
7
Let b be 1/(-2) - 290/20. List the prime factors of ((-6)/b)/((-4)/(-320)).
2
Let d(l) be the third derivative of l**6/8 - l**5/60 + l**4/12 - l**3/6 + 5*l**2. What are the prime factors of d(1)?
3, 5
Suppose -3*g + 6*g + 378 = 5*d, -g = -d + 74. What are the prime factors of d?
2, 3, 13
Suppose -5*f + 9 = 2*v - 6*f, 0 = -5*f - 25. Suppose -v*h + 0*h = -12. What are the prime factors of h?
2, 3
Let f(c) = 2*c + 6*c - 7*c + 3. What are the prime factors of f(4)?
7
Suppose 0 = 2*n + 4 - 40. Let i = n - 11. Let d = i - -3. What are the prime factors of d?
2, 5
Let r = -48 - -72. What are the prime factors of r?
2, 3
Suppose 7*l = 4*l. Suppose 5*w - 67 + 12 = l. List the prime factors of w.
11
Suppose -4*w = -9 - 31. What are the prime factors of w?
2, 5
Suppose -2*d = -d - 8. What are the prime factors of d?
2
Let u(a) be the first derivative of 1/4*a**4 + 10*a + 3*a**3 + 2 + 9/2*a**2. List the prime factors of u(-8).
2
Let t be (243/(-6))/3*-2. Let j be (t/4)/((-5)/(-20)). Suppose 0*p + j = 3*p. List the prime factors of p.
3
Let d = -4 + 24. Let l = d + 21. What are the prime factors of l?
41
Suppose 2*g + 3*a - 177 = 0, 6*g + 3*a - 456 = g. What are the prime factors of g?
3, 31
Let d(w) = -8*w**2 - 2*w + 1. Let j be d(2). Let f be j/15*6/(-2). Let t = -5 + f. List the prime factors of t.
2
Suppose -5*m + 0 = -5. Let n be 1 - (-53 + -2) - m. Suppose -7*b + n = -2*b. What are the prime factors of b?
11
Suppose 2*l = -0*l. Suppose l*x = 4*x - 8. Suppose -2*y - 13 = -5*y + 5*j, y - x*j = 4. What are the prime factors of y?
2, 3
Suppose 0 = -4*a + 33 + 63. List the prime factors of a.
2, 3
Let i = -5 + 7. Suppose -2*w = -i*q + 5*q - 11, 5*w - 2*q = 56. List the prime factors of w.
2, 5
Suppose 28 + 0 = 4*y. Let v be -1 - (2 + 0)/(-2). Suppose -n = -0*x + x - y, 2*n - 6 = v. List the prime factors of x.
2
Let c(q) = -q + 26. What are the prime factors of c(12)?
2, 7
Suppose 9 = x - 5*h, -2*h + 18 = -4*x + 9*x. Suppose n = -j + 3*n + 10, x*n + 28 = 3*j. List the prime factors of j.
2
Suppose 3*t + 3 = j + 2*t, 3*t + 9 = -4*j. Suppose j = -0*r - 2*r + 24. What are the prime factors of ((-2)/3)/((-2)/r)?
2
Let m = -29 + 99. What are the prime factors of m?
2, 5, 7
Let y = 37 + 8. Suppose 5*u + 4*s = 2*u + y, -2*s + 39 = 3*u. List the prime factors of u.
11
Let b = -57 + 86. List the prime factors of b.
29
Let y(a) = 3*a + 3. What are the prime factors of y(4)?
3, 5
Let i = 14 + -7. Let w(r) be the third derivative of r**6/120 - 7*r**5/60 + r**4/24 - 5*r**3/6 - r**2. List the prime factors of w(i).
2
Let g = 6 - 4. Suppose c + 7 = g*c. List the prime factors of c.
7
Let m(u) = -u**3 - 4*u**2 + 7*u + 9. What are the prime factors of m(-6)?
3, 13
Let f(a) be the first derivative of -2*a**2 - 2*a - 3. List the prime factors of f(-4).
2, 7
Suppose -4*a = 10 - 2. Let d(w) = -3*w - 2. Let g be d(a). Suppose -56 = y - g*y - 4*k, k = 2*y - 19. List the prime factors of y.
2, 3
Let i(o) = o**2 - 2*o + 2. Let a be i(2). Suppose a*h - 98 = 8. Supp